-m = -5*t - 3 + 22, -5*m + 9 = t. What is the remainder when 2 is divided by m?
0
Let r be ((-2)/4)/(1/258). Calculate the remainder when 63 is divided by r/(-6) - 1/(-2).
19
Let f(g) = -5*g - 8. Let p be f(-6). Let a = -5 + p. Suppose -l + 4*v = -33, -2*v + 83 - 17 = 2*l. Calculate the remainder when l is divided by a.
16
Suppose -u - 4*t - 32 = -5*u, 5*u - 10 = -t. Calculate the remainder when 13 is divided by u.
1
Let p = -263 + 370. Calculate the remainder when p is divided by 1/((-1)/(-32)) - 52/(-13).
35
Let x(y) = -y**3 + 5*y**2 - y - 1. Let h be x(5). Let s = 1 - h. Calculate the remainder when s is divided by (6/4)/(2/4).
1
Let s = 173 + -141. What is the remainder when s is divided by 17?
15
Let f = -40 - -28. What is the remainder when 45 is divided by (0 + (-69)/f)*4?
22
Let m(v) = -v**2 - 10*v - 7. Let j(n) = 2*n**2 + 19*n. What is the remainder when m(-6) is divided by j(-10)?
7
Let s = 4 - -72. What is the remainder when s is divided by 11?
10
Suppose -4*c + 31 = 7. Suppose 5*h - c = 3*h. Calculate the remainder when h is divided by 1.
0
Suppose 24 = 4*q - w - 25, -30 = -3*q + 3*w. Let b be ((-194)/5)/((-2)/(-10)). What is the remainder when b/(-8) - (-1)/(-4) is divided by q?
11
Let q(a) = -a - 6. Suppose 0 = -4*u - 19 - 1. Let c be q(u). Calculate the remainder when 37 is divided by c/(2 - 54/26).
11
Let g = 38 + 2. Suppose -j = -5*j + g. Calculate the remainder when 39 is divided by j.
9
Suppose w = -5*t - 4 + 19, t = -5*w + 75. Calculate the remainder when w is divided by 10.
5
Suppose -p - 3*p + 24 = 0. Suppose -j - 20 = -p*j. Suppose -9*n + 75 + 24 = 0. Calculate the remainder when n is divided by j.
3
Let r = 0 - -3. Suppose -15 = -5*w - 3*m + 10, r*m = -w + 17. Suppose -3*u + 2*t = 2*u - 13, -20 = 5*t. Calculate the remainder when w is divided by u.
0
Let i(r) = r**3 - 2*r**2 + r + 2. Let s be i(2). Suppose 124 + 36 = s*g. Calculate the remainder when g is divided by 14.
12
Let y(g) = -5*g**3 - 11*g**2 + 5*g + 5. What is the remainder when y(-4) is divided by 22?
19
Suppose 0 = -s + 6*s - 205. What is the remainder when s is divided by ((-84)/18)/(4/(-18))?
20
Let y(a) = a**2 + 2*a + 2. Calculate the remainder when y(11) is divided by 37.
34
Suppose -46 = -0*b - 2*b. Suppose -5*f = -3*h + 142, f = 4*h + 6*f - 166. What is the remainder when h is divided by b?
21
Suppose 3*r = 0, -3*u + 2*u = -4*r - 11. What is the remainder when u is divided by -2*(15/(-6) - 1)?
4
Let v = -31 - -42. Calculate the remainder when 31 is divided by v.
9
Suppose 4 = s - 2*s. Let p(v) = -v**3 - 4*v**2 - 5*v - 3. Calculate the remainder when 32 is divided by p(s).
15
Let w(x) = x**3 - x - 10. Let y be w(0). What is the remainder when ((-8)/y)/(4/140) is divided by 15?
13
Calculate the remainder when 29 is divided by 3 + (-3)/((-6)/4).
4
Suppose -3*o + 4*o = 5*p - 275, 0 = -p - 4*o + 34. What is the remainder when p is divided by 0 - (0 + 1) - -12?
10
Let n(a) = -a + 12. Suppose 29 = u - 4*l - 2, 0 = -5*u - 2*l + 111. What is the remainder when u is divided by n(4)?
7
Let x = 6 - -1. Let r(j) = -j + 11. Calculate the remainder when x is divided by r(9).
1
Let l = -156 + 302. Calculate the remainder when l is divided by 49.
48
Let j be 331/7 + (-2)/7. Suppose -5*v = -4*p + 2*p - 34, -143 = 5*p + 2*v. Let t = p + j. What is the remainder when t is divided by 7?
6
Calculate the remainder when 14 is divided by 8/28 - 162/(-21).
6
Calculate the remainder when 142/5 + 4/(-10) is divided by 10.
8
Suppose 5*c - 5 = 15. Suppose -3*r + 5 = -c. What is the remainder when r is divided by 2?
1
Let r(x) = x**2 + 4*x + 2. Let f be r(-3). What is the remainder when -1 + (f - -52) + -1 is divided by 17?
15
Let c(u) = u**2 + u + 1. Let k be (0 - 5)*12/10. Suppose 56*r - 44 = 52*r. Calculate the remainder when c(k) is divided by r.
9
Let p = -57 + 81. Suppose -6*v + 2*v = -p. Calculate the remainder when 16 is divided by 5*7/(35/v).
4
Let z = 14 + 15. What is the remainder when 114 is divided by z?
27
Let t(o) = o**2 + 21. Suppose 0 = b + b - 4, 2*b = -2*w + 4. Let z = -349 + 410. What is the remainder when z is divided by t(w)?
19
Suppose x + 140 = 4*c - 4*x, 2*x + 152 = 4*c. Calculate the remainder when c is divided by 22.
18
Let u = -11 - -24. Let s = 12 + -64. Let l = s - -77. Calculate the remainder when l is divided by u.
12
Let f = 2 + 3. Suppose -66 + 27 = -3*k. Suppose -u = -k - 1. What is the remainder when u is divided by f?
4
Let d = -2 - -8. What is the remainder when 15 is divided by d?
3
Let x = 107 + -47. What is the remainder when x is divided by 22?
16
Suppose 2*d + 2*a - 4 - 8 = 0, 4 = -d + 4*a. Let y = 0 - -6. What is the remainder when y is divided by d?
2
Calculate the remainder when 9*(9 + -2 + 0) is divided by 16.
15
Suppose 4*i - 112 = -3*p, i - 3*i = -4*p - 56. Suppose -44 = -b + 5*f, 3*b - 36 - i = -2*f. What is the remainder when b is divided by 7?
3
Suppose 3*d + d + 2*a = 382, -3*d + 289 = a. Let t(o) = 6*o**2 - o + 3. Calculate the remainder when d is divided by t(2).
23
Let f(j) = -j**3 + j**2 + 2*j + 3. Calculate the remainder when 18 is divided by f(0).
0
Suppose 3*k + 0*d - 4*d = 72, k + 2*d - 24 = 0. What is the remainder when 95 is divided by k?
23
Suppose 0*d = -5*d + 65. What is the remainder when 49 is divided by d?
10
Let d be 9/(3 - (-2 + 4)). Suppose 4*q = 27 + d. Suppose -26 = -h + q. Calculate the remainder when h is divided by 12.
11
Let t(b) = -b - 4. Let x be t(-4). Suppose -32 = -x*h - h. Suppose 2*k + 2*k - h = 0. Calculate the remainder when 23 is divided by k.
7
Let f(v) = -v**3 - 6*v**2 + 6*v + 2. Let h(z) = -3*z**3 - 3*z**2 + 3*z + 2. Let u be h(-3). Let g = -22 + u. Calculate the remainder when g is divided by f(-7).
7
Let t = 198 - 135. Suppose 0*w + 123 = 2*b + 5*w, 2*w - t = -b. Calculate the remainder when b is divided by 35.
34
Suppose -19 - 134 = -17*d. Calculate the remainder when 16 is divided by d.
7
Suppose 7*f - 3*f + 5*u - 66 = 0, -2*f = -5*u - 18. Calculate the remainder when 2/(-4) - 106/(-4) is divided by f.
12
Let n be (-4 - 0)/((-1)/(-4)). Calculate the remainder when 38 is divided by 9/72 + (-158)/n.
8
Suppose 4*w + 114 = 3*s + 2*w, -s + 33 = w. Calculate the remainder when s is divided by 19.
17
Suppose 0 = x + 2*l - 1, -4*x - 4*l + 0 + 4 = 0. What is the remainder when 11 - (-2 - (x + -2)) is divided by 7?
5
Let d = 35 - 11. What is the remainder when 191 is divided by d?
23
Suppose 0*d - 5*d = -10. Suppose w - 21 = d. Calculate the remainder when 89 is divided by w.
20
Let x(u) = -u**3 + u**2 + 1. Suppose -g = -5*g + t + 153, g - t - 39 = 0. Calculate the remainder when g is divided by x(-2).
12
Suppose -2*l + 98 = -2. Calculate the remainder when l is divided by 26.
24
Let i = 19 + -10. Let z(p) = p**2 - 6*p - 2. What is the remainder when z(i) is divided by 9?
7
Let j(f) = -8*f - 8. Suppose 0 = 3*z - s + 43, 0 = -2*z - 4*s - 43 - 9. Let q = -22 - z. What is the remainder when j(q) is divided by 14?
12
Let t be (5/(-3))/((-7)/63). Calculate the remainder when 65 is divided by (5/t)/((-2)/(-102)).
14
Suppose 11 = 4*b - 1. Suppose b*x - 21 = -o, 2*x - 5*o - 21 = -x. Let q = 23 - 4. What is the remainder when q is divided by x?
5
Let a(u) be the second derivative of 13*u**3/6 + u**2/2 - u. Calculate the remainder when a(2) is divided by 1*7*2 - 0.
13
Let z = -13 - -19. Let c = z - -7. What is the remainder when c is divided by -1 + 0 + 1 - -5?
3
Suppose 15 = 5*q + 2*j, -3*q + 3*j - 5*j + 13 = 0. Let b = -31 - -10. Let y = q - b. Calculate the remainder when y is divided by 12.
10
Suppose 0 = q - 3*c - 28, 0 = 3*q + 4*c - 12 - 7. What is the remainder when q is divided by 2?
1
What is the remainder when 1 is divided by (-99)/(-77) + (-4)/14?
0
Let b = 4 + -8. Let t = 6 + b. Let h = 3 - t. Calculate the remainder when h is divided by 1.
0
Suppose 3*k = 29 + 91. Calculate the remainder when k is divided by 21.
19
Suppose 15*z - 10*z = 50. Suppose -z = -5*j + 4*j. Calculate the remainder when 37 is divided by j.
7
Let n(s) = -3*s**2 + 44*s + 14. Calculate the remainder when n(10) is divided by 31.
30
Suppose -12*r = -16*r + 24. Suppose -3*k + 10 = -2. What is the remainder when (28/(-3))/((-4)/r) is divided by k?
2
Let q = 39 + -66. Let h be 6/(-8) - q/4. Suppose -h*o + 3*o = -21. What is t